8, -2*x - 55 = -3*w - 7. Let h = -16 - x. What is the tens digit of h?
1
Let j(o) = 6*o - 14. What is the tens digit of j(15)?
7
Let j = -7 - -36. Suppose -j - 7 = -2*n. What is the tens digit of n?
1
Suppose -6*k + k = 0. Suppose 3*n + 5*l - 44 = k, -5 = -5*n - 2*l + 43. What is the units digit of n?
8
Let a(q) = 14*q - 10. What is the units digit of a(7)?
8
Suppose 7*f - 162 = 4*f. What is the units digit of f?
4
Suppose -a + 2*o = -3*o + 17, 0 = 4*a + 4*o + 116. Suppose 1 = -3*l - 113. Let p = a - l. What is the tens digit of p?
1
Suppose 0 = -0*p - 5*p + 25. Suppose 5*k + p*a = 10, -5*k + k - 2*a + 12 = 0. What is the units digit of k?
4
Let t = -66 - -98. Let s = 86 - 40. Let l = s - t. What is the tens digit of l?
1
Let f = 11 + -8. Suppose 2*x + 6 = 0, -f*s + 6*s + 5*x - 30 = 0. What is the tens digit of s?
1
Let v = 13 + 4. Let g = 31 - v. What is the units digit of g?
4
Let g = -55 - -130. Let m = -51 + g. What is the units digit of m?
4
What is the hundreds digit of ((-168)/(-196))/((-2)/(-378))?
1
What is the hundreds digit of (-12)/6 - (-544)/4?
1
Let r(j) = 3*j - 4. Let z be r(6). Let q = z + -10. Suppose 0 = q*d - 3*d - 9. What is the units digit of d?
9
Let z(f) = -12*f**3 + 2*f**2 + 8*f**3 + 3*f**3 + 3*f. Let u be z(3). Suppose -q + 3*i = -20, 3*q + 4*i - 2*i - 16 = u. What is the units digit of q?
8
Suppose -5*l - h + 92 = 0, -3*l - 2*h + 15 + 36 = 0. What is the units digit of l?
9
Let x = 94 - 14. What is the units digit of x?
0
Suppose 5*q = 4*h - 21 - 14, 0 = -4*q + 20. What is the units digit of h?
5
Suppose 4*c - 36 = -z, 4*c = 4*z + 2*c - 54. Suppose -2*m + 0*m + z = 0. What is the units digit of m?
8
Let j be (-65)/(-25) - (-2)/5. Let f = j - -4. What is the units digit of f?
7
Suppose 90 = 4*h + h. Suppose -4*t = -4*o - 8, -t - 52 = 5*o - h. Let a = 13 + o. What is the units digit of a?
7
Let j(c) = -c**2 - 30*c + 18. What is the tens digit of j(-13)?
3
Let d be 35/((-1)/(-1)) + -1. Suppose 2*j - d = 2*i, i + 16 = 5*j - 65. What is the tens digit of j?
1
Let b(j) = -j**3 - 2*j**2 + 2*j + 3. Suppose 0*i - 4 = -5*w - 3*i, 0 = -w - 5*i - 8. Let d be w/6 + 70/(-21). What is the units digit of b(d)?
6
Let x be (2/6)/(1/(-3)). Suppose p + 9 = -4*t, -5*p + 21 = -0*t - 2*t. What is the units digit of (x/p)/(2/(-18))?
3
Let n be 10/(-3)*12/(-4). Suppose -n + 42 = 4*y. What is the units digit of y?
8
Let x(t) = -t**3 + 3*t**2 + 7*t - 6. Let z be x(4). Let i = z - 4. Suppose 0 = -2*l - i*f + 28, -4*l - 5*f = -l - 40. What is the units digit of l?
5
Suppose -2*s + 7 = -s - b, 2*s + 4*b = -4. Suppose -c = s*c - 5. Suppose 0 = -3*o - j + 3*j - c, 5*o + 2*j - 9 = 0. What is the units digit of o?
1
Suppose 85 = 8*q - 3*q. Suppose 2*r + 5 = q. What is the units digit of r?
6
Let p(v) be the first derivative of 3/2*v**2 - 12*v - 1. What is the tens digit of p(9)?
1
Let a = 73 + -52. Let w = a - -11. What is the units digit of ((-4)/8)/((-2)/w)?
8
Let t = 2 + 2. Suppose 5 = t*w - 3. What is the units digit of w?
2
Suppose -4*v = 3*j + 40, -4*j + 21 - 9 = -4*v. Suppose -r + q + 2*q = -4, 4*r - 7 = 3*q. Let y = r - v. What is the units digit of y?
8
Let r = -92 + 168. What is the units digit of r?
6
Suppose 4*s - 16 = -2*f, 2*s + 0*s = 2*f - 46. What is the units digit of f?
8
Suppose 5*l - 6*l = -4. What is the units digit of l?
4
Let r(q) = 32*q**3 - q**2 + 1. Let h be r(-1). Let i = -20 - h. What is the tens digit of i?
1
Let i = 42 + 5. Let x = i + -22. What is the units digit of x?
5
Suppose r - 9 = 5*c, -3*r + 72 = c - 35. What is the units digit of r?
4
Suppose -3*h + 40 = -7*h. Let f = h + 22. What is the units digit of f?
2
Let r = -52 - -153. What is the units digit of r?
1
Suppose 2*r - 11 = 3*r. Let i = -4 - r. What is the units digit of i?
7
Let d(t) = -41*t**2 - 5*t + 8. Let p(k) = -14*k**2 - 2*k + 3. Let l(u) = -3*d(u) + 8*p(u). What is the tens digit of l(-1)?
1
Let l(v) = -v + 33. What is the tens digit of l(0)?
3
Let v be -12 + (-2 - (2 - 1)). What is the units digit of (-12)/v*(42 - 2)?
2
Suppose -c + 24 = c. Suppose 0*r = r - c. What is the tens digit of r?
1
Suppose -125 = -3*x - 2*x. What is the tens digit of x?
2
Let f(i) = -i**2 + i. Let z be f(-1). What is the units digit of 6/4*z - -15?
2
Suppose 3*q = 22 + 2. Let r = q + 46. What is the units digit of r?
4
Let j(q) = 2*q + 2*q - 3 + q**2 - 6*q. Let f be j(3). Let n(k) = -k + 12. What is the tens digit of n(f)?
1
Let j be (-15)/(0 - (-2)/(-14)). What is the units digit of 16/(-20)*j/(-6)?
4
Let q be 2 - 5/((-15)/(-18)). What is the units digit of (3 + 1)*(q + 5)?
4
Suppose -4*z = -517 - 27. What is the units digit of z?
6
Suppose 0 = -0*h + 3*h - 90. Suppose -h = -5*m - 4*t, 0*m = -2*m + 2*t + 12. What is the units digit of 15/m*(1 - -1)?
5
Let t = -5 + 14. Let p = 15 - t. What is the units digit of p?
6
Let a = 1 - 1. Let z = 51 + -29. Suppose a = -3*u + u + z. What is the tens digit of u?
1
Let q = 97 + 6. What is the units digit of q?
3
Let p = 12 + -10. Let q(f) = -4 - f**3 - 12*f - 2 - 14*f**2 - 3 + 2*f**p. What is the units digit of q(-11)?
2
Let u = -88 - -37. Let j be -2*u/(-6)*-1. Suppose 3*f - j = 2*d - 4, d = 4. What is the units digit of f?
7
Let q(o) = -o**2 - 6*o + 3. Suppose -4 = 4*r + 4*n, 0 = -5*r + 7*n - 4*n - 45. What is the units digit of q(r)?
3
Let g(q) = 4*q + 19. Let j(w) = 6*w + 28. Let x(z) = 7*g(z) - 5*j(z). Let s be x(-6). Suppose -2*k + 54 = 5*y, 0*k - 48 = -s*y + k. What is the tens digit of y?
1
Suppose 29 = 2*j + 4*o - 115, 3*j - 4*o - 226 = 0. What is the tens digit of j?
7
Suppose -12 = 4*s + 3*d, 3*d - 6 = 3*s - s. Let f(n) = -n**2. Let w(x) = -4*x**2 + 7*x + 4. Let a(k) = s*f(k) + w(k). What is the units digit of a(7)?
4
Let q be 14*1 + 6/(-3). Suppose o - g + q = 3*o, -g + 26 = 4*o. What is the units digit of o?
7
Suppose 3*p = -2*z - 7, 5*p - 4*z - 25 = -0*z. Suppose -q + 4 = -p. What is the units digit of q?
5
Suppose 0 = 4*v - 7 + 3, -5*v = 4*g - 129. Let c = g - 20. What is the units digit of c?
1
Suppose 0 = 4*k + 12, -5*f + 0 = 4*k + 37. Let c = f - -4. What is the units digit of ((-2)/c)/(2/5)?
5
Suppose 0 = -3*p - 3*p + 294. What is the units digit of p?
9
Suppose -2*p - 6 + 4 = 0. Suppose -q - 6 = -2*s, 3*s - 2*q = 2 + 6. Let g = p + s. What is the units digit of g?
3
What is the units digit of 3*((-7)/(-3) - (6 - 7))?
0
Suppose 107 = 4*q - 3*t - 21, 3*q - 96 = -4*t. What is the tens digit of q?
3
Suppose 3*m - 46 = 293. What is the hundreds digit of m?
1
Let n = -6 + 10. Suppose -4*a - 25 = 3*p, -a = -4*p - 4 - n. What is the tens digit of (15/(-2))/(p/4)?
1
Let p be ((-55)/(-44))/(1/4). Suppose -j = -p*j + 4. What is the units digit of j?
1
Suppose -3*v + 8*v = 475. What is the tens digit of v?
9
Let r(v) = v**3 + 6*v**2 + 4*v + 3. Let u be r(-4). Let t = u + 8. What is the units digit of t?
7
Suppose 3*i = -m + 133, -4*i = -2*m - 2*m - 204. What is the tens digit of i?
4
Suppose 2*l - 7 = 75. What is the units digit of l?
1
Let t = 7 + -8. What is the units digit of 25 - 0/(t - -5)?
5
Let b(n) = n**2 - 7*n + 4. Suppose 0 = 3*m - m. Suppose -3*p - 9 = m, 0*o - 26 = -5*o - 3*p. What is the units digit of b(o)?
4
Let o = -1 + 29. Suppose -7*p = -3*p - o. What is the units digit of p?
7
Suppose 3*u - 2*u + 2 = 0, 130 = 2*i + 3*u. Suppose i = 8*t - 6*t. What is the tens digit of t?
3
What is the units digit of 6/4 + 118/4?
1
Let q(c) = -7*c**2. Let d be q(-1). Let t be (d/2)/((-5)/(-10)). Let l(o) = -2*o - 5. What is the units digit of l(t)?
9
Let a(x) = -x**2 - 6*x + 2. What is the units digit of a(-6)?
2
Let y = 48 - 2. Let r = y - 10. What is the tens digit of 424/r + (-4)/(-18)?
1
What is the units digit of (10/15)/(2/96)?
2
Let z(i) = i**3 - 6*i**2 + 5*i + 5. Suppose -4*g + 3*g + 3*o + 10 = 0, 0 = -3*g - 3*o + 6. Suppose g*r - 16 = 4. What is the units digit of z(r)?
5
Suppose 24 = -x - 9. Let d = 7 - x. Suppose -2*k = 2*k - d. What is the units digit of k?
0
Let u = 13 + -7. Suppose 5 = 2*i - 11. Let z = i - u. What is the units digit of z?
2
Suppose -4*z + 7*z = 9. Suppose -c = -z*c + 28. What is the units digit of c?
4
Let t = -6 + 11. Suppose -3 = g, -38 = t*f - 2*g - 164. Suppose -x = -f + 9. What is the tens digit of x?
1
Let j(p) = 13*p - 36. Let g(l) = -3*l + 9. Let r(h) = -9*g(h) - 2*j(h). Let t be r(